a multiple of 51?
True
Is 13090 a multiple of 17?
True
Is 19 a factor of 1164908?
False
Does 1627 divide 13178700?
True
Is 147060 a multiple of 45?
True
Does 12 divide 130560?
True
Does 896 divide 314068?
False
Is 252 a factor of 80367?
False
Is 66 a factor of 948948?
True
Does 477 divide 1731510?
True
Does 159 divide 1330989?
True
Is 27968 a multiple of 23?
True
Is 938 a factor of 4086866?
True
Does 29 divide 259173?
True
Is 3610068 a multiple of 462?
True
Is 405 a factor of 587250?
True
Is 40 a factor of 6577266?
False
Is 1292 a factor of 2002600?
True
Is 1946270 a multiple of 470?
True
Does 551 divide 179541?
False
Does 28 divide 590436?
True
Is 51 a factor of 3014355?
True
Is 73679 a multiple of 183?
False
Does 31 divide 64325?
True
Is 1478 a factor of 15616548?
True
Is 51854 a multiple of 11?
True
Is 556244 a multiple of 107?
False
Does 206 divide 2455313?
False
Is 4857094 a multiple of 71?
False
Does 114 divide 46448?
False
Is 204 a factor of 9405420?
True
Is 152 a factor of 168361?
False
Is 6620 a multiple of 4?
True
Is 23653 a multiple of 83?
False
Does 390 divide 1883426?
False
Is 111662 a multiple of 8?
False
Is 36 a factor of 8466419?
False
Is 334403 a multiple of 62?
False
Is 137280 a multiple of 48?
True
Is 3086 a multiple of 7?
False
Is 104936 a multiple of 104?
True
Is 211655 a multiple of 561?
False
Is 1743 a factor of 40047168?
True
Does 72 divide 10675512?
True
Is 148 a factor of 204027?
False
Is 143776 a multiple of 24?
False
Is 64 a factor of 21433600?
True
Does 292 divide 281196?
True
Does 95 divide 553021?
False
Is 4836674 a multiple of 106?
True
Does 3 divide 76665?
True
Is 1729144 a multiple of 105?
False
Does 61 divide 118328?
False
Does 26 divide 467350?
True
Is 860 a factor of 4378260?
True
Is 95 a factor of 55367?
False
Is 392848 a multiple of 16?
True
Is 4 a factor of 1182972?
True
Is 161 a factor of 45713?
False
Is 2954107 a multiple of 4?
False
Is 1030060 a multiple of 151?
False
Is 490 a factor of 148960?
True
Does 29 divide 1483297?
False
Is 1230612 a multiple of 96?
False
Is 5 a factor of 3049956?
False
Is 40526 a multiple of 95?
False
Does 180 divide 22261?
False
Is 7 a factor of 6453131?
False
Is 10557 a multiple of 51?
True
Is 327 a factor of 629802?
True
Does 101 divide 11009?
True
Does 35 divide 2861110?
True
Is 16 a factor of 21840?
True
Is 146 a factor of 98654?
False
Is 41 a factor of 8927504?
True
Does 118 divide 12036590?
True
Is 40 a factor of 1269760?
True
Is 12 a factor of 2433864?
True
Does 8 divide 2675452?
False
Is 22 a factor of 92860?
False
Is 1690020 a multiple of 90?
True
Is 22847 a multiple of 31?
True
Does 239 divide 264627?
False
Does 564 divide 520364?
False
Is 30710 a multiple of 166?
True
Does 274 divide 110214?
False
Is 11739 a multiple of 301?
True
Is 361591 a multiple of 459?
False
Does 46 divide 2473696?
True
Does 48 divide 3385451?
False
Is 7 a factor of 1905015?
True
Is 198 a factor of 616770?
True
Is 46 a factor of 7222?
True
Is 468 a multiple of 3?
True
Does 23 divide 125925?
True
Is 11307 a multiple of 10?
False
Is 1051904 a multiple of 256?
True
Does 559 divide 467834?
False
Is 801405 a multiple of 20?
False
Does 51 divide 1363740?
True
Is 23 a factor of 8254316?
False
Is 32 a factor of 830272?
True
Is 7348385 a multiple of 851?
True
Does 13 divide 366524?
False
Does 218 divide 14523596?
True
Does 12 divide 420843?
False
Is 16 a factor of 6923418?
False
Does 2 divide 707615?
False
Is 1194911 a multiple of 173?
True
Is 3 a factor of 94968?
True
Is 742 a factor of 2840797?
False
Is 6 a factor of 1292247?
False
Is 23 a factor of 226991?
False
Is 79 a factor of 4388844?
False
Is 241 a factor of 28920?
True
Is 389805 a multiple of 77?
False
Is 44 a factor of 3828?
True
Is 987142 a multiple of 213?
False
Is 246587 a multiple of 773?
True
Is 4 a factor of 127552?
True
Does 8 divide 169256?
True
Does 47 divide 1093549?
True
Is 706078 a multiple of 323?
True
Is 60032 a multiple of 112?
True
Is 897 a multiple of 3?
True
Does 67 divide 1533697?
True
Is 7 a factor of 2566477?
False
Is 1137 a factor of 9472347?
True
Is 837983 a multiple of 97?
True
Is 19 a factor of 39498?
False
Does 150 divide 808500?
True
Is 98 a factor of 123995?
False
Is 262 a factor of 2308884?
False
Is 56133 a multiple of 63?
True
Does 49 divide 3864409?
False
Does 8 divide 3784992?
True
Is 128 a factor of 98537?
False
Is 4887468 a multiple of 9?
True
Is 23 a factor of 300236?
False
Does 4 divide 26813?
False
Is 56 a factor of 429128?
True
Does 159 divide 6022284?
True
Is 2 a factor of 312328?
True
Does 31 divide 68045?
True
Is 194 a factor of 2867902?
True
Is 19 a factor of 154090?
True
Does 412 divide 1302304?
False
Does 631 divide 5878157?
False
Is 4427293 a multiple of 13?
True
Does 20 divide 810271?
False
Is 197 a factor of 231672?
True
Is 293027 a multiple of 41?
True
Is 130 a factor of 367120?
True
Is 54 a factor of 307314?
True
Is 458 a factor of 69485?
False
Is 98418 a multiple of 16?
False
Does 52 divide 94848?
True
Is 12743676 a multiple of 66?
True
Does 17 divide 3035653?
False
Is 1438912 a multiple of 16?
True
Is 119335 a multiple of 10?
False
Does 147 divide 321342?
True
Is 51 a factor of 104193?
True
Is 171 a factor of 351584?
False
Is 147 a factor of 178017?
True
Does 24 divide 34656?
True
Does 55 divide 3356650?
True
Is 6 a factor of 38363?
False
Is 3139826 a multiple of 11?
False
Is 799 a factor of 13877831?
True
Is 138897 a multiple of 143?
False
Is 323 a factor of 165560?
False
Does 371 divide 255213?
False
Does 7 divide 400799?
True
Is 79120 a multiple of 92?
True
Is 3562638 a multiple of 151?
False
Is 6374220 a multiple of 894?
True
Is 32 a factor of 310560?
True
Does 286 divide 15100312?
False
Does 512 divide 8807936?
True
Does 88 divide 5104?
True
Is 470752 a multiple of 626?
True
Is 2577626 a multiple of 157?
True
Does 25 divide 512014?
False
Is 7087286 a multiple of 57?
False
Does 13 divide 231608?
True
Does 9 divide 2547?
True
Is 3214680 a multiple of 267?
True
Does 10 divide 783?
False
Does 156 divide 128472?
False
Does 29 divide 38280?
True
Is 53606 a multiple of 14?
True
Does 46 divide 42090?
True
Does 11 divide 285350?
False
Does 217 divide 574810?
False
Does 25 divide 284375?
True
Does 37 divide 1056572?
True
Is 781 a factor of 552167?
True
Is 18 a factor of 830675?
False
Is 17 a factor of 64126?
False
Does 74 divide 8047722?
True
Is 26180 a multiple of 170?
True
Is 51832 a multiple of 78?
False
Is 494 a factor of 433572?
False
Is 525 a factor of 33723437?
False
Is 171 a factor of 2339622?
True
Is 6 a factor of 9251718?
True
Is 387 a factor of 7233617?
False
Does 13 divide 4128514?
True
Does 14 divide 331926?
True
Is 3519483 a multiple of 708?
False
Is 29323 a multiple of 2?
False
Is 96 a factor of 3467857?
False
Is 2814786 a multiple of 69?
True
Is 289266 a multiple of 130?
False
Is 7477382 a multiple of 22?
True
Does 9 divide 495895?
False
Is 2927838 a multiple of 6?
True
Does 387 divide 400273?
False
Does 13 divide 38251?
False
Does 18 divide 3427896?
False
Does 34 divide 22188536?
True
Is 419 a factor of 9327778?
True
Is 162 a factor of 11562190?
False
Is 16170676 a multiple of 176?
False
Is 744 a factor of 6597377?
False
Does 79 divide 420043?
True
Is 3962382 a multiple of 248?
False
Does 6 divide 108114?
True
Does 205 divide 8405?
True
Is 1692103 a multiple of 163?
True
Is 1149 a multiple of 9?
False
Does 31 divide 3666134?
False
Is 3936077 a multiple of 302?
False
Is 2605879 a multiple of 30?
False
Is 22 a factor of 2167031?
False
Is 6 a factor of 214758?
True
Is 2475686 a multiple of 3?
False
Is 211485 a multiple of 15?
True
Does 261 divide 232413?
False
Is 76323 a multiple of 11?
False
Is 2939566 a multiple of 301?
True
Does 10 divide 3120908?
False
Is 55 a factor of 1410750?
True
Is 19750291 a multiple of 1007?
True
Is 401083 a multiple of 34?
False
Is 1977403 a multiple of 107?
False
Is 139518 a multiple of 138?
True
Is 20 a factor of 59580?
True
Is 1089501 a multiple of 21?
True
Is 42 a factor of 152426?
False
Does 161 divide 641466?
False
Is 48 a factor of 51776?
False
Does 160 divide 3648000?
True
Does 397 divide 110184?
False
Is 18 a factor of 3974468?
False
Does 26 divide 16496272?
True
Does 30 divide 31544?
False
Is 31 a factor of 3433110?
False
Is 182048 a mult